the greatest common factor of 12 and q?
12
Let l be 4269/21 - 2/7. Let n = -95 + l. Let c = -11 + 23. Calculate the highest common factor of n and c.
12
Let p(w) = 9*w**2 + w. Let k = 4 - 4. Suppose -4 = -k*u - 4*u. Let n be p(u). What is the greatest common factor of 5 and n?
5
Let g be 21/2*(-180)/(-21). Let z = 15 - 5. Let c be ((-24)/z)/(1/(-15)). What is the highest common factor of g and c?
18
Suppose 5*d + 25 = 0, -4*b - 2*d + 4*d = -306. Suppose -11 - b = -5*g. What is the greatest common factor of 102 and g?
17
Suppose 0*p - p + 10 = 0. Let u be ((-30)/(-9))/((-2)/(-12)). Calculate the greatest common factor of u and p.
10
Let l(a) = -a**3 - 4*a**2 + 2*a - 4. Let h be l(-6). Let f(p) = -p + 3. Let r = 1 + -5. Let k be f(r). What is the greatest common divisor of k and h?
7
Let p be 1/(-4) + 339/12. Let a(t) = -t**3 + 6*t**2 - 4*t - 2. Let h be a(4). What is the highest common divisor of p and h?
14
Let m(u) = 30 - 34 + 0*u + 15*u. Suppose 3*r - p - 8 = 0, -p - 2*p = -4*r + 4. Let v be m(r). What is the highest common factor of 8 and v?
8
Suppose -2*c - 4*v = -16 - 12, -4*c = 2*v - 26. Suppose -22 = -2*n - f + 55, 0 = -c*n + 3*f + 129. What is the highest common factor of n and 24?
12
Suppose u - 3*z - 135 = -4*u, 3*u + z = 95. What is the greatest common divisor of 150 and u?
30
Suppose 2*l + 5*c = 120, 3*c = 3*l + 66 - 246. Calculate the greatest common factor of l and 15.
15
Let l = -14 + 24. Suppose 0 = -t + 2*t - 4*n - 4, -2*t + 4*n = -8. What is the greatest common factor of t and l?
2
Let f be (-62)/(-4) + (-1)/2. Suppose d - 31 - 29 = 0. Calculate the highest common factor of d and f.
15
Let y be (-2 + 17)/((-3)/(-2)). Suppose 5*f + y = -g, -2*f - g + 0*g - 4 = 0. Let r be 31/2 - 1/f. Calculate the greatest common divisor of 4 and r.
4
Let a = 70 + -42. What is the greatest common divisor of 84 and a?
28
Let n(z) = -z**2 - 9*z + 6. Let m be 42/(-4)*(3 + -1). Let c = m - -13. Let t be n(c). What is the highest common factor of t and 2?
2
Suppose 0*s - 3*s = -81. Let x be (4/(-10))/((-8)/1080). Calculate the highest common divisor of s and x.
27
Let l = 93 + -37. What is the highest common factor of 8 and l?
8
Let o(n) = 2*n**3 - 3*n**2 + 2*n - 1. Suppose 3*a + 2 = 8. Let h be o(a). Calculate the greatest common divisor of h and 35.
7
Let z = -8 - -10. Suppose -5*n + 3*n = -10. Suppose 2*o - 182 = -2*u, -z*o - n = -7*o. What is the greatest common divisor of u and 10?
10
Suppose -118 = -2*z - 2*x, 5*z - 2*x = 6*z - 55. Calculate the greatest common factor of 9 and z.
9
Suppose -2*s + 6 = -t, -2*t - 2*s = s + 5. Let o be -21*((-65)/(-15) - 4). Let l = t - o. What is the greatest common divisor of l and 1?
1
Suppose 3*g - 175 = -5*w, 2*w - 4*g - 70 = -0*g. Let r = 25 + w. Calculate the highest common divisor of r and 15.
15
Let y(d) = 2*d**2 - 10*d + 10. Let j be y(5). What is the greatest common factor of j and 10?
10
Let r(u) = u**2 - 10*u - 16. Let a be r(11). Let c be (2 - 3)/(1/a). What is the greatest common divisor of c and 20?
5
Suppose 0 = -2*q - 16 + 40. Let f be (0 + 6/4)*q. Suppose j - 6*j = -2*b - 184, 2*b = 4*j - 148. What is the greatest common divisor of f and j?
18
Let c = 3 - 6. Let p be 3 - (1 - -2)/c. Calculate the greatest common divisor of p and 44.
4
Let u(c) = 3*c**2 + 5. Let m be u(-7). Let y = m + -89. What is the highest common factor of y and 7?
7
Suppose 15*v - 5*v - 2080 = 0. Calculate the highest common factor of v and 13.
13
Suppose -476 = -b - 3*b. Suppose b = 5*r - 156. Calculate the greatest common factor of 11 and r.
11
Let h(q) = 30*q**2 - q - 2. Let o be h(-2). Calculate the greatest common divisor of 15 and o.
15
Let w be -1*((-2 - -6) + -31). What is the highest common factor of 297 and w?
27
Let f(k) = -k**3 + 10*k**2 - 13*k + 9. Let b be f(7). Calculate the greatest common factor of 26 and b.
13
Let n = 78 + 10. Let b(f) = -f**3 - 9*f**2 + 7*f - 8. Let p be b(-10). Calculate the greatest common factor of n and p.
22
Let z = 120 + -75. Suppose 2*b = 11 + 7. Calculate the greatest common divisor of z and b.
9
Let f(g) = -4*g + 45. Let j be f(0). What is the highest common divisor of 18 and j?
9
Let u(h) be the second derivative of h**5/10 - h**4/12 + h**3/2 - 3*h**2/2 + 2*h. Let b be u(3). Calculate the greatest common factor of b and 34.
17
Suppose -16*z + 18*z - 8 = 0. Let a be ((-18)/5)/(1/(-10)). Calculate the greatest common factor of z and a.
4
Suppose -3*q + 0*q = -42. Let g(n) = 37*n - 12. Let s be g(10). Suppose 5*v = 5*r - 330, -7*r = -2*r + 2*v - s. Calculate the highest common divisor of q and r.
14
Suppose 0 = 4*h - 3 - 9. Let l be 1 + -2 + 236 - h. What is the greatest common factor of l and 29?
29
Suppose 0 = 5*w - 4*n - 65, n - 8 = 3*w - 47. Let h(g) = 7*g - 3. Let m be h(6). What is the greatest common divisor of w and m?
13
Let k(r) = r**2 + 1. Let n be k(2). Suppose -4*j + n = -5*h - 234, -3*h + 47 = j. Let o = j - 21. Calculate the highest common factor of 14 and o.
7
Suppose -10 = -0*y + 5*y. Suppose 0 = 3*d - 3. Let c be (d/y)/(2/(-16)). Calculate the highest common divisor of c and 36.
4
Let l be (-57)/(-2)*20/15. Suppose l = 2*m - 12. Calculate the highest common divisor of m and 100.
25
Suppose u + u - m = 21, -m = u - 3. Suppose -4*j = -2*k - 30, 5*k + 5*j = -14 - 1. Let d = 11 + k. What is the greatest common factor of u and d?
4
Let x = -28 + 19. Let i(v) = -9*v + 3. Let l be i(x). Calculate the highest common factor of 21 and l.
21
Let s(k) = -k**3 - k**2 + 2*k - 3. Let i be s(-3). Suppose 14 - 49 = -5*y. Let v = 2 + y. What is the greatest common divisor of i and v?
9
Let g(w) = -w**2 + w + 1. Let h(t) = t**2 - 2*t - 2. Let d(q) = -3*g(q) - 2*h(q). Let b be d(4). What is the greatest common factor of 84 and b?
21
Let x be -14*(-3)/((-6)/(-4)). Suppose -10*y + 412 = -288. What is the highest common divisor of y and x?
14
Let j(h) = 8*h - 36. Let d be j(6). What is the highest common factor of 36 and d?
12
Let n be (-4)/(-18) + 4/(-18). Suppose n*c + 16 = 2*c. What is the highest common factor of 4 and c?
4
Let u(k) = 9*k - 5. Let j be u(4). Suppose -4*q + 3*w + j = 0, 0*q - 5*w - 21 = q. Let f be 2/(-8) + 97/q. What is the greatest common factor of f and 3?
3
Let b be 59 + -3 + (2 - 0). Calculate the highest common divisor of b and 87.
29
Suppose -5*z - 3*p = -210, 2*z + 3*p = -0*p + 93. Let l = 67 - z. Let j = 2 + l. What is the greatest common divisor of j and 45?
15
Let o = 122 - 62. What is the highest common divisor of o and 2?
2
Let v(f) = 1 + 4*f - 4*f - 7*f**2. Let t(y) = -3*y**2 + 1. Let b(g) = 9*t(g) - 4*v(g). Let k be b(5). What is the highest common factor of k and 45?
15
Let q = 0 - -2. Let c be (-3)/(-2)*8/3. Suppose -c*t + 62 = q*l, 2*t - 2*l + 0*l = 28. Calculate the greatest common divisor of t and 15.
15
Suppose -5*u - 20 = 0, -3*z + 3*u = -u - 280. Calculate the greatest common divisor of z and 132.
44
Let n be 0 + (-1 - -50) + (-12)/3. What is the greatest common factor of 180 and n?
45
Suppose 4*f - 76 = -4*g + 148, 4*f = 3*g + 217. Calculate the highest common divisor of f and 5.
5
Suppose -8 = 2*m - m. Let n = 23 + m. Suppose -3*k + n = -0. What is the greatest common divisor of k and 25?
5
Let i(k) = -6*k + 1. Let h be i(-2). Suppose h - 1 = 3*s. Suppose 0*t = -t + s. What is the highest common divisor of 44 and t?
4
Suppose 1 = -y + 3, -169 = -s + 5*y. Suppose 5*b - s = -5*i - 69, -4*b + 4*i + 120 = 0. What is the greatest common divisor of 13 and b?
13
Suppose 0 = 2*l + n - 72, -3*l + 5*n = -l - 48. What is the highest common factor of 17 and l?
17
Suppose 0*j + 36 = 3*j. Calculate the highest common factor of j and 12.
12
Let o(t) be the third derivative of 19*t**5/20 + t**4/24 + t**3/6 + 4*t**2. Let c be o(-1). Let p = -22 + c. Calculate the greatest common factor of 14 and p.
7
Let h(t) = t**3 + 17*t**2 - t + 5. Let g be h(-17). Let m = -37 + 113. Let v = m + -43. Calculate the highest common divisor of g and v.
11
Suppose 2*q - 4*i + 2 = 0, q - i = -2*i + 5. Suppose 0 = -3*p - 4*f - f + 37, q*p - 53 = -f. Calculate the greatest common factor of p and 19.
19
Let p(r) = -4*r**2 - 3*r + 3. Let i be p(2). Let q = i + 31. Let b = 23 - 5. Calculate the highest common divisor of q and b.
6
Let u be (-32)/(-6)*(-30)/(-20). Suppose -5*q +